 1 = 0, 5*o = 4*n - 10. Suppose 4*w - 328 = -z + 53, -3*z - w + 1088 = n. What is the tens digit of z?
6
Let k = 84 + 34. What is the tens digit of 1*4*k/8?
5
Let s = 103 - 97. Suppose s*b - 1946 = -440. Let r = b - 137. What is the hundreds digit of r?
1
Let q(m) = m**2 - 10*m + 13. Let u be q(9). Suppose 0 = -b + 1 - u. What is the units digit of 1 - 8/(-12)*b/(-1)?
3
Suppose 31428 = 3*m + 5*n, -3*m - 55*n + 31401 = -59*n. What is the units digit of m?
1
Suppose 4*y = -4*z + 30676, -2*y + 5807 + 1861 = z. What is the hundreds digit of z?
6
Suppose -43020 = -4*j - 4*r, -423*j = -427*j + r + 42995. What is the units digit of j?
0
Let w(v) = -v**3 + 7*v**2 - 9*v + 14. Suppose 2*t - 3*t + 27 = 4*g, -5*g - 4*t = -42. Let s be w(g). What is the units digit of ((-51)/12)/(s/64)?
8
Suppose -5*a + 2*t - 1 = -29, -3*t = -5*a + 27. Suppose 0 = -2*c + a*c - 116. Let k = c - 4. What is the units digit of k?
5
Suppose 4*d = a + 10, -4*a = -5*d + 3 + 4. Suppose 40 - 16 = -4*j + 4*u, -a*u = -j - 9. What is the tens digit of 2/(-6) + (-241)/j?
8
Let v = -1511 - -5558. What is the hundreds digit of v?
0
What is the ten thousands digit of (-1*(-9)/(-1))/(21617910/939915 + -23)?
6
Let v(i) = 5*i + 1 - 14*i**2 + 13*i**2 - 3*i**2. Let u be v(9). What is the tens digit of 3/(-6)*u*1?
3
Let a(b) = -2*b + 1. Let h be a(-1). Suppose h*d - 831 = -0*d. Suppose -j = 2*f - d + 64, f + 5*j = 84. What is the tens digit of f?
0
Let c = -70 - -61. Let i(r) = r**2 + 10*r + 3. Let d be i(c). Let b(h) = 2*h**2 - 6*h + 11. What is the units digit of b(d)?
9
Suppose 4*v - 2*v - 123 = 5*t, -2*v + 96 = 4*t. What is the tens digit of 2945/3 + (-6)/v*6?
8
Let h be (0 - -1)/((-6)/(-306)). Let g = -45 + h. What is the units digit of (-417)/(-9) - (-4)/g?
7
Suppose -2*g + 5*x = -12347, 33*g - 18495 = 30*g - x. What is the tens digit of g?
6
Let r(f) = 7*f**3 - 28*f**2 + 22*f + 31. What is the hundreds digit of r(12)?
3
Let y(g) = 234*g - 1842. What is the tens digit of y(74)?
7
Let x be -49 - (-4 - -1) - 3. Let z = 52 + x. Suppose -5*c - 2*l = -134 - 150, -174 = -3*c - z*l. What is the tens digit of c?
5
Suppose -24 = 191*t - 203*t. Let f be -3*(14/(-3) - -2). What is the units digit of 135/t + (-2)/f*-2?
8
What is the hundreds digit of (-4)/(-6)*1*(-2 + (67867 - 38))?
2
Let w be (23 + 15 + -8)*-1. Let n(m) = m**3 + 29*m**2 - 84*m - 32. What is the thousands digit of n(w)?
1
Let c(g) = -37*g + 3595. What is the hundreds digit of c(-55)?
6
Suppose -43*h = -44*h + 3*z + 4174, 5*z = -3*h + 12564. What is the thousands digit of h?
4
Let q(v) = 5*v**2 - 3*v**3 + 4*v**3 + 9 + 12*v + 5*v**2 + 3. Let f be q(-8). Let r = f - -22. What is the units digit of r?
6
Let m = -828 - -1333. Let v = 637 - m. What is the tens digit of v?
3
Let v = -23530 - -57392. What is the thousands digit of v?
3
Suppose 60676 + 21301 + 24388 = 5*h. What is the units digit of h?
3
Suppose 2*u + 7*u - 2457 = 0. Let k = u + 137. What is the units digit of k?
0
Suppose -56*l = 7*l - 120519. What is the thousands digit of l?
1
Let v be -1*11/(-2)*-2. Suppose -3*x + 552 = -20*l + 25*l, -5*l + 544 = x. What is the units digit of ((-1)/1)/((33/l)/v)?
6
Suppose 6*d - 5*d = 5*l - 419, 3*l - 824 = 2*d. Let s = d - -758. What is the hundreds digit of s?
3
Let u(i) = -8*i**2 - 12*i + 207. Let p(b) = -3*b**2 - 4*b + 70. Let m(l) = -17*p(l) + 6*u(l). What is the units digit of m(15)?
7
What is the tens digit of -7 - ((-4)/(-14) - (374872/28 - -2))?
8
Suppose -8 = -3*l + 7. Let p be -2 - -2 - -3 - (l - 2). Suppose -5*z + 5*t + 62 = -143, 3*z - 2*t - 125 = p. What is the units digit of z?
3
What is the hundreds digit of (-14 + (-3424)/(-40))/(3/225)?
3
Suppose 5*o + 0*o - 4*n = 85339, 4*n = 3*o - 51197. What is the thousands digit of o?
7
Let u(t) = -5*t**2 + t + 56. Let g(h) = -5*h**2 + 47. Let j(c) = -6*g(c) + 5*u(c). Suppose -12 = 2*x + 2*x. What is the tens digit of j(x)?
2
Let r(p) = 15*p + 29. Let j(l) = l + 6. Let a be j(12). What is the tens digit of r(a)?
9
Let t be (2/4)/((-11)/(-110)). Suppose 3*b + 3*z - 1459 = z, -t*z = 4*b - 1957. What is the hundreds digit of b?
4
Suppose -234 = 9*q - 198. What is the hundreds digit of (6/q)/(55/(-14850))?
4
Suppose -4*k = 4*v - 278452, 0 = 2*v - 0*v - k - 139223. Let l be v/20 - (-2)/5. Suppose -14*m = 149 - l. What is the units digit of m?
8
Let v(q) = 6 - 18*q - 4 + 15*q. Let g be v(0). Let j = 6 + g. What is the units digit of j?
8
Let g = 3345 - 912. What is the hundreds digit of g?
4
What is the tens digit of -1 + 0 + (-121460)/(-15 + 11)?
6
What is the hundreds digit of 0 - (-6 + 19)*-2899?
6
Suppose -10*i + 18 = -22. Suppose 3*h - i = -88. Let t = h - -59. What is the tens digit of t?
3
Suppose 0*c + 27170 = 19*c. Suppose -3594 = -7*q + 2*q - 3*b, 5*b - c = -2*q. Suppose 139*g - 144*g = -q. What is the tens digit of g?
4
Let n(g) be the third derivative of 31*g**5/6 + g**4/3 + 5*g**3/2 - 127*g**2. What is the thousands digit of n(-2)?
1
Let h(o) = -o**3 - 9*o**2 + 12*o + 24. Let a be h(-10). Suppose -2*f = 2*b + 8, f + 2 = b - a. Let i(x) = 77*x - 2. What is the tens digit of i(b)?
7
Suppose -4*j - j = 20, 0 = -2*f + j + 10072. What is the hundreds digit of 1/((-2)/f*-3)?
8
Suppose -287 = -r - 3*j, -r = -3*j - 112 - 193. Suppose -3*f - 5*u + 7 = 0, 2*f = 4*f + 5*u - 3. Suppose 0 = -f*l + 1316 - r. What is the units digit of l?
5
Suppose -37*j - 45868 = -39*j + 4*r, -5*j + 2*r + 114670 = 0. What is the thousands digit of j?
2
Let i(w) = -4*w**2 - 16*w + 1. Let l be i(-4). What is the hundreds digit of (l - -106) + (-21 - -25)?
1
Let a be -2*3/(-15) - 13/(-5). Suppose -a*t - 8*l - 6 = -3*l, 5*t + 2*l - 9 = 0. Suppose 0 = 5*b - 15, 2*c - t*b - 499 = -4*b. What is the hundreds digit of c?
2
Let z = 495 + -668. Let f = 380 + z. What is the hundreds digit of f?
2
Let j = 73 - -41. What is the tens digit of 22788/j + (72/(-38) - -2)?
0
Let w(y) = 83*y**2 + 4*y + 16. Let u be w(7). Suppose -6*l + 881 = -u. Suppose -l = 2*t - 10*t. What is the hundreds digit of t?
1
Let b be -1 + (8 - 4)*1. Suppose -139 = -b*q + 296. Suppose -2*n + 2 = 3*f - q, 355 = 5*n + 5*f. What is the tens digit of n?
6
Suppose 65*k = 59*k - 6. What is the units digit of (-12 + -12)*(1*-5 + k)?
4
Let t(u) = 187*u**2 - 160*u - 936. What is the tens digit of t(-6)?
5
Suppose -3*m - 12 = 0, -31*l - m + 1098 = -32*l. Let z = -600 - l. What is the hundreds digit of z?
5
Let w = 1240 + -727. Let m = -216 + w. What is the tens digit of m?
9
What is the units digit of 1 + (-6)/14 - (71440/(-7))/4?
2
What is the ten thousands digit of (-10263)/(8 + 1218/(-150))?
8
Let l(w) be the second derivative of -10*w**2 - 11/6*w**3 - 10*w + 0. What is the tens digit of l(-9)?
7
Suppose -4*a + 29894 + 3906 = 4*k, 3*a - 3*k = 25338. What is the tens digit of a?
4
Suppose 0 = -5*l + 5*h - 7*h - 3320519, -1328225 = 2*l - 5*h. What is the units digit of 1/(-6) - (l/(-30))/(-17)?
2
Suppose 18 = -0*w + 9*w. Let k = w - -121. What is the hundreds digit of k?
1
Let u = 28 + -31. Let h(y) = -y + 3. Let r be h(u). Suppose -3*i + r*i - 3 = -3*c, i - 17 = 3*c. What is the units digit of i?
5
Let c = 71 - 131. Let y = 83 - 209. Let q = c - y. What is the tens digit of q?
6
Let z(s) = -s. Let u(d) = 24*d - 4. Let v(j) = 4*j**3 + 2*j + 1. Let b be v(-1). Let c(f) = b*z(f) - u(f). What is the units digit of c(-3)?
1
Let h(r) = 6*r**3 + 2*r**2 - r + 6. Let z be 10/2*(3 + -3 + 1). What is the hundreds digit of h(z)?
8
Let b = 43 + -36. Suppose 0 = q + b + 33. Let m = -11 - q. What is the units digit of m?
9
Suppose -35*i + 84*i - 313649 = 0. What is the hundreds digit of i?
4
Let r be (-4)/(-10) + 4194/15. Suppose u = 78 - r. What is the hundreds digit of (1 - 5) + (-3 - -3 - u)?
1
Suppose 195350 = 19*k - 15626. What is the units digit of k?
4
Suppose 5*o = 3*c + 89773, 2*o - 4*c - 18403 = 17495. What is the tens digit of o?
5
Let i(j) = 18*j**3 + 39*j**2 - 410*j - 116. What is the hundreds digit of i(14)?
1
Suppose -4*z - 28 = -24, 3*u - 12196 = -2*z. What is the units digit of u?
6
Let v be (-26)/1*(26 - 22). Let a = v - -109. Suppose p + a*p = 1284. What is the hundreds digit of p?
2
Let o be 4 + -9 + -1 + 596. Let z = o - 265. What is the tens digit of z?
2
Let k = -111 + 120. Suppose 5*s + k*s = 826. Suppose -s*i - 980 = -63*i. What is the unit